/q?
7
Suppose -v = -4*v + c - 332, -5*c = -5*v - 570. Let z = 169 + v. What is the units digit of z?
0
Let g(u) = 19*u - 56. Let h be g(-13). Let s = -112 + 44. Let w = s - h. What is the hundreds digit of w?
2
Let o = -809 + 1624. Suppose -3*g + 5*u = -g - o, -3*g + 1213 = 2*u. What is the tens digit of g?
0
Let r be 4 - (3/2 - 1)*0. Suppose 663 = n + 2*q, -3*n + 2*n - r*q + 655 = 0. What is the tens digit of n?
7
Suppose -5*s - 9 = 4*s. What is the hundreds digit of (78/(-12) + 6)/(s/766)?
3
Suppose 2*s + 165 = -2*z + 645, 3*z = -2*s + 722. Let a = z + -71. What is the hundreds digit of a?
1
What is the hundreds digit of ((-2)/1 + 4617340/(-140))*(-3)/3?
9
Suppose 0 = 39*x - 29*x - 390. What is the tens digit of x?
3
Suppose 5*y = -0 + 25. Suppose 4*d + 0*a = y*a + 22, -10 = -2*d + 2*a. What is the tens digit of d/(-7) + 944/28*2?
6
Suppose -28*h + 10*h + 66672 = 0. Let j = h + -2297. What is the units digit of j?
7
Let b be 2/(-3) + (-40)/(-6). Suppose -3*n - 25 = -2*w - b*n, 5*w - 5*n = 0. Suppose -77 - 186 = -3*s - w*f, -2*s + f = -158. What is the units digit of s?
1
Suppose -p = 210 - 15. Let d = p + 442. What is the tens digit of d?
4
Let a be 48*4/(32/6). Suppose -16 - a = 4*j. Let y = 8 - j. What is the tens digit of y?
2
Suppose 4*r - 59 = -s - 18, -3*r + 2 = -5*s. Suppose 4406 = r*u + 1508. What is the tens digit of (-12)/(-7)*(u/4)/1?
3
Suppose 30*c - 84*z + 87*z - 259299 = 0, 0 = -4*c + z + 34569. What is the tens digit of c?
4
Suppose -290 = -23*z - 60. Suppose z*w - w - 4068 = 0. What is the units digit of w?
2
Let m be (-80 - -5)*(-1)/3. Suppose 15 - m = -2*u. Suppose -u*d + 11*d = 960. What is the hundreds digit of d?
1
Suppose -16201 = -8*z + 16183. What is the tens digit of z?
4
Let d be ((-5)/5 - -18) + -2. Suppose -85 = d*g - 1810. What is the tens digit of g?
1
Let b(i) = 2*i**3 + 3*i**2 + 12*i - 7. Let s(t) = -t**3 - 2*t**2 - 12*t + 8. Let c(p) = -2*b(p) - 3*s(p). What is the units digit of c(-6)?
4
Let a(b) = -7*b - 49. Let i be a(-6). Let o(m) = 2*m - 37. Let t(u) = u + 1. Let g(y) = -o(y) + 6*t(y). What is the tens digit of g(i)?
1
Let b(i) = i**3 + 61*i**2 + 21*i - 147. What is the thousands digit of b(24)?
9
Suppose -4*d = 32*o - 30*o - 64454, -128908 = -4*o + 5*d. What is the hundreds digit of o?
2
Let x(z) = 290*z**3 + 8*z**2 - z - 5. What is the hundreds digit of x(1)?
2
Let m(y) = y**3 - 82*y**2 + 141*y + 470. What is the tens digit of m(81)?
3
Let d = 23 + -4. Let m = 13 - d. What is the tens digit of (-1 + 2)/(m/(-198))?
3
Let o be (2/3)/(10/1380). Let y = -162 + o. Let u = y - -98. What is the tens digit of u?
2
Suppose -36508 = 32*v - 200939 - 66001. What is the hundreds digit of v?
2
Suppose 0 = -0*w + 3*w + 183. Suppose 540 = 7*f - 426. Let x = f + w. What is the tens digit of x?
7
Let r(a) = a**3 + 6*a**2 - a - 1. Let o be r(-6). Let b(z) = 7*z**2 + 8*z - 3. Let s be b(o). What is the hundreds digit of (-14)/(-4)*s/7?
1
Let f = 66032 + -22901. What is the units digit of f?
1
Let r(g) = g**3 - 4*g**2 - 3*g + 9. Let l be r(4). Let b be (-20)/(-6)*(l - (-63)/15). Suppose -i = -0*i - j - 48, -38 = -i - b*j. What is the tens digit of i?
4
Suppose -5*d = w - 0*d - 18, -5*w + 3 = -4*d. Suppose -15 = -4*v + w*v. Suppose 452 + 1648 = v*n. What is the hundreds digit of n?
1
Suppose 0 = -3*x - 4*d - 7719, -4*d + 2*d + 7737 = -3*x. Let y = -1533 - x. What is the units digit of y?
4
Suppose -61633 = -79*m + 96733 + 67021. What is the hundreds digit of m?
8
Let o(z) = -9*z + 3. Let p(i) = 10*i - 2. Let u(m) = 3*o(m) + 2*p(m). Let b be u(1). What is the tens digit of (b/(-3))/(2/93)?
3
Let v(x) = -58*x + 1137. What is the thousands digit of v(-31)?
2
Let q(i) be the third derivative of i**6/120 + i**5/15 - 7*i**4/24 - 7*i**3/6 - 3*i**2. Let s be q(-5). What is the hundreds digit of (-8304)/(-36) - 2/s?
2
Let l = 16141 + -16162. Let w(f) be the third derivative of -f**6/120 - 23*f**5/60 - 17*f**4/8 - 9*f**3/2 + f**2. What is the tens digit of w(l)?
6
Let m be (-6)/3*3 - -75. Suppose -63*d + m*d - 1452 = 0. What is the hundreds digit of d?
2
Let s(r) = -184*r - 16. Let h be s(-19). Suppose 29*b - 25*b - h = 0. What is the units digit of b?
0
Let g = -35 - -33. Let r(w) be the third derivative of -w**6/40 - w**5/60 - w**4/4 - 4*w**3/3 - 8*w**2. What is the units digit of r(g)?
4
Let u(v) = 65531*v**3 - 18*v**2 + 3. What is the ten thousands digit of u(1)?
6
Let g be 91/78 - 1 - (-11)/6. Let q(a) = -12*a**3 + 2*a + 1. Let j be q(-2). What is the units digit of j - (-8)/4 - g?
3
Suppose -84*q + 12 = -90*q. What is the hundreds digit of q*(-6)/(-12)*-173?
1
Let s = -32 + 22. Let p be (s/15)/((-6)/(-639)). Let o = p - -155. What is the tens digit of o?
8
Suppose 3*x = q - 68, 0 = -q + 4*x + 74 - 5. What is the units digit of ((-272)/10)/((-13)/q)?
6
What is the thousands digit of (-16)/104 + ((-1140)/39)/5 - -24680?
4
Let w be (3 - 2) + 21 + -29. What is the hundreds digit of w + 2 + 4 - (-1596 - -3)?
5
Let h be (1 - -7) + 3 + -5 + 4. Let r = 14 - h. Suppose -2*j - 2*j = -r*n - 168, -5*j + 192 = 4*n. What is the tens digit of j?
4
Let o be 76/13 + (-14)/(-91). What is the tens digit of (2 + o/(-4))/((-27)/(-10746))?
9
Suppose 0 = -4*l + 2*i + 226762, -3*l + 280*i + 170104 = 285*i. What is the thousands digit of l?
6
Suppose 70*d - 528 = 46*d. Suppose 4*h + j = 1576, -d*h - 1177 = -25*h - 2*j. What is the hundreds digit of h?
3
Suppose -2*z = 4*h - 68550, 5*h + 0*h + 3*z - 85692 = 0. What is the ten thousands digit of h?
1
Let w be 74433/18 - 8/48. Suppose -16*p + 4633 + w = 0. What is the hundreds digit of p?
5
Let y = 29968 + -10657. What is the ten thousands digit of y?
1
Suppose -11*p + 52079 = -6447 - 22115. What is the units digit of p?
1
Let w = 149 - 68. Let g = -80 + w. What is the units digit of -5 - -1 - (-45 + g)?
0
Suppose 4*u + 66822 = 3*c, 257*u - 258*u = 3*c - 66837. What is the ten thousands digit of c?
2
What is the thousands digit of ((-1935)/(-2))/((-93)/(-868))?
9
Let b be 11/(3/(-6) + (-20)/(-24)). Let r = 39 - b. Suppose -4*q - 304 = -r*q. What is the tens digit of q?
5
Suppose t + 55 - 64 = 0. Suppose 0 = t*y - 12263 + 338. What is the units digit of y?
5
Let c(u) = 13*u - 111. Let z be c(8). Let s(l) = -l**3 - l**2 + 2*l + 9. What is the tens digit of s(z)?
8
Suppose 12 - 6 = 3*v. Suppose -3*d + 378 = -d - v*q, -d - 3*q = -173. What is the tens digit of d?
8
Let x be 129/27 + (-6)/(-27). Suppose -3*z - 72 = -x*z. Let q = 47 + z. What is the tens digit of q?
8
Let z = -10 - 50. Let y = 66 + z. Let i(w) = 20*w + 17. What is the hundreds digit of i(y)?
1
Let l = 68 - 68. Suppose -6*f + 12*f - 90 = l. Let q = 56 - f. What is the units digit of q?
1
Let s = -4322 + 9950. What is the thousands digit of s?
5
Let m(h) = h**3 + 9*h**2 + 10*h + 16. Let j be m(-8). Suppose -9*b + 11*b = 3*a + 106, -a + 2 = j. What is the tens digit of b?
5
Suppose g + g = -12. Suppose -12*v - 580 = -568. What is the units digit of 93/g*(3 + -4 + v)?
1
Let q be (-4)/42 - 4/84*-86. Suppose -q*b + 7375 = -s, 3*b = -4*s - s + 5514. What is the tens digit of b?
4
Suppose -7*a = -14*a + 10570. Let j = a + -869. What is the hundreds digit of j?
6
Suppose -22*r = 12*r - 49538. Suppose -249*q - r = -250*q. What is the units digit of q?
7
Let h(z) = -562*z - 234. What is the tens digit of h(-5)?
7
What is the hundreds digit of (-59 + 49)*(-3711)/6?
1
Suppose 0 = 4*j - h - 31321, 3*h - 31293 = -4*j + 8*h. What is the hundreds digit of j?
8
Let l = 771 + -402. Let b = l + 35. What is the hundreds digit of b?
4
Suppose -2*s + 161 = -423. Suppose -183 = 5*j + s. Let l = 8 - j. What is the tens digit of l?
0
Suppose 2*a + j - 361 = 0, -4*a + 3*j = 2*j - 713. Suppose -186*p - 50 = -181*p. Let k = a - p. What is the hundreds digit of k?
1
Let o = 30 - 26. Suppose -o*m + 2359 = 3*m. What is the tens digit of m?
3
Suppose 249078 = 8*x - v, -44*v - 18 = -41*v. What is the hundreds digit of x?
1
Let a = -51 + 55. Suppose -6*y + 2*y + 21 = 3*j, -j - 9 = -a*y. Suppose -19 = -y*k + 8. What is the units digit of k?
9
Let k(q) = -9*q**3 - 17*q**2 - 22*q - 166. Let d(f) = -7*f**3 - 16*f**2 - 23*f - 167. Let z(y) = -4*d(y) + 3*k(y). What is the units digit of z(-11)?
6
Let m(q) = -4*q**3 - 3*q**2 + 9*q + 23. Let b be m(-8). Suppose 0 = -8*f + 7729 + b.